
Is 1059 prime?
False
Is 38861 composite?
False
Is 122141 a composite number?
True
Is 492157 a composite number?
True
Is 6999 a composite number?
True
Is 1358581 a prime number?
False
Is 63577 a composite number?
False
Is 20593 composite?
False
Is 900717 a composite number?
True
Is 175121 prime?
False
Is 1400183 a composite number?
True
Is 65306 prime?
False
Is 3903 a composite number?
True
Is 21961 a prime number?
True
Is 90443 prime?
False
Is 43819 a composite number?
True
Is 15761 prime?
True
Is 6947 a prime number?
True
Is 111349 composite?
True
Is 7401 prime?
False
Is 90053 composite?
False
Is 473579 composite?
False
Is 13582 composite?
True
Is 7827 composite?
True
Is 11091 a prime number?
False
Is 1173157 composite?
False
Is 1915153 composite?
False
Is 3983 a prime number?
False
Is 6718 a composite number?
True
Is 69587 composite?
True
Is 1389431 composite?
False
Is 21439 prime?
False
Is 71933 composite?
False
Is 27421 prime?
False
Is 377873 composite?
False
Is 354581 composite?
False
Is 170627 a prime number?
True
Is 767517 a composite number?
True
Is 2995 a composite number?
True
Is 18111 a prime number?
False
Is 55313 a prime number?
True
Is 106523 a prime number?
False
Is 4385 a prime number?
False
Is 239779 a prime number?
True
Is 155911 a composite number?
True
Is 82213 a composite number?
True
Is 614827 prime?
True
Is 734213 a prime number?
False
Is 117161 a composite number?
True
Is 2155 a prime number?
False
Is 3563 prime?
False
Is 9637 a prime number?
False
Is 541 composite?
False
Is 796522 prime?
False
Is 22147 a composite number?
False
Is 15569 prime?
True
Is 37691 prime?
True
Is 2459 composite?
False
Is 136769 a composite number?
False
Is 15427 a prime number?
True
Is 132911 prime?
True
Is 6931 a composite number?
True
Is 6457 composite?
True
Is 63487 composite?
False
Is 739685 prime?
False
Is 1165 a composite number?
True
Is 7937 prime?
True
Is 12091 a prime number?
False
Is 4755233 a composite number?
True
Is 47113 a composite number?
True
Is 9897 a composite number?
True
Is 11003 a composite number?
False
Is 33665 a prime number?
False
Is 15217 prime?
True
Is 26573 prime?
True
Is 3943 composite?
False
Is 19846 a composite number?
True
Is 5039 composite?
False
Is 1262 a composite number?
True
Is 17291 a composite number?
False
Is 1141 prime?
False
Is 224695 a composite number?
True
Is 801221 a prime number?
False
Is 109567 composite?
False
Is 58459 composite?
True
Is 163 a prime number?
True
Is 1833239 prime?
False
Is 135059 a prime number?
True
Is 8663 prime?
True
Is 320755 a prime number?
False
Is 116411 prime?
True
Is 117778 a composite number?
True
Is 152681 a composite number?
False
Is 373 prime?
True
Is 99469 a composite number?
False
Is 1710923 composite?
False
Is 140443 a composite number?
False
Is 3943 prime?
True
Is 445763 a composite number?
True
Is 615701 a prime number?
False
Is 26045 a prime number?
False
Is 1309633 prime?
False
Is 9521 composite?
False
Is 85117 a prime number?
False
Is 25871 a prime number?
False
Is 1680905 prime?
False
Is 9913 composite?
True
Is 71291 prime?
False
Is 359717 a composite number?
True
Is 517 a prime number?
False
Is 2999 composite?
False
Is 14941 a prime number?
False
Is 472281 a composite number?
True
Is 272959 prime?
True
Is 20789 prime?
True
Is 15917 a prime number?
False
Is 454 a composite number?
True
Is 685493 a composite number?
False
Is 51259 a prime number?
False
Is 449455 a prime number?
False
Is 807241 prime?
True
Is 91199 a composite number?
False
Is 34667 composite?
False
Is 216379 composite?
False
Is 631357 a composite number?
False
Is 3793 prime?
True
Is 81331 prime?
True
Is 350699 prime?
True
Is 80293 composite?
True
Is 8419 composite?
False
Is 160141 a composite number?
False
Is 129337 prime?
False
Is 17455 prime?
False
Is 9969 composite?
True
Is 307 a composite number?
False
Is 5998 prime?
False
Is 1049 composite?
False
Is 6737 prime?
True
Is 1038383 a composite number?
False
Is 32363 composite?
False
Is 37322 a prime number?
False
Is 641741 composite?
True
Is 165167 composite?
True
Is 54311 a composite number?
False
Is 4533 composite?
True
Is 134515 composite?
True
Is 13517 composite?
True
Is 100823 composite?
False
Is 153817 a composite number?
False
Is 7063 a composite number?
True
Is 13093 composite?
False
Is 312311 composite?
False
Is 140143 a prime number?
True
Is 154381 prime?
False
Is 95047 composite?
True
Is 735521 composite?
True
Is 485201 a composite number?
False
Is 14809 composite?
True
Is 121661 a composite number?
False
Is 363893 composite?
True
Is 361891 a prime number?
False
Is 13301 composite?
True
Is 116009 prime?
True
Is 136691 a composite number?
False
Is 278459 a composite number?
False
Is 283883 a prime number?
False
Is 614 a composite number?
True
Is 21469 composite?
True
Is 82439 composite?
True
Is 42931 prime?
False
Is 30449 prime?
True
Is 1233527 prime?
True
Is 31051 a prime number?
True
Is 121559 a composite number?
False
Is 264547 a prime number?
False
Is 229427 prime?
False
Is 832103 composite?
False
Is 22579 a composite number?
True
Is 590299 prime?
False
Is 6769 prime?
False
Is 20471 a prime number?
False
Is 28123 a prime number?
True
Is 116009 prime?
True
Is 7249 a prime number?
False
Is 18329 composite?
False
Is 1620353 composite?
True
Is 769 a prime number?
True
Is 32993 a prime number?
True
Is 281989 a composite number?
False
Is 171177 composite?
True
Is 1117 composite?
False
Is 25733 prime?
True
Is 37613 prime?
False
Is 139157 composite?
True
Is 161437 prime?
False
Is 515579 prime?
True
Is 24611 composite?
False
Is 10319 a prime number?
False
Is 17611 a composite number?
True
Is 52249 composite?
False
Is 494191 composite?
False
Is 516049 composite?
False
Is 1117 composite?
False
Is 439937 composite?
True
Is 14503 a prime number?
True
Is 204779 a composite number?
True
Is 112829 a composite number?
True
Is 124207 a composite number?
True
Is 3349 a prime number?
False
Is 247019 a composite number?
True
Is 50389 a prime number?
False
Is 15161 a composite number?
False
Is 83413 composite?
True
Is 155605 a prime number?
False
Is 1542179 a composite number?
False
Is 1457353 composite?
False
Is 28947 prime?
False
Is 16033 composite?
False
Is 294773 composite?
False
Is 59593 a composite number?
True
Is 613633 prime?
True
Is 350221 composite?
True
Is 14567 prime?
False
Is 24433 a prime number?
False
Is 16057 a prime number?
True
Is 261359 a composite number?
True
Is 471901 prime?
True
Is 53453 a composite number?
False
Is 6179 prime?
False
Is 1637 prime?
True
Is 149971 a composite number?
False
Is 1095907 a prime number?
True
Is 30353 prime?
False
Is 10427 prime?
True
Is 17711 a prime number?
False
Is 451 composite?
True
Is 60989 composite?
True
Is 362491 prime?
False
Is 1703 a composite number?
True
Is 42095 a prime number?
False
Is 72953 composite?
False
Is 370469 a prime number?
False
Is 704059 composite?
False
Is 17341 prime?
True
Is 28709 prime?
False
Is 12517 composite?
False
Is 13561 composite?
True
Is 54037 a composite number?
False
Is 945577 composite?
False
Is 383855 a prime number?
False
Is 1161203 a prime number?
True
Is 5471 composite?
False
Is 181981 a composite number?
False
Is 98519 prime?
True
Is 1345 composite?
True
Is 56519 prime?
True
Is 8731 composite?
False
Is 90467 a prime number?
False
Is 23549 composite?
False
Is 1793915 composite?
True
Is 206699 a composite number?
False
Is 27187 composite?
True
Is 1251247 composite?
False
Is 23383 prime?
False
Is 31469 a prime number?
True
Is 65213 prime?
True
Is 108679 a prime number?
False
Is 142007 a prime number?
True
Is 6331 composite?
True
Is 201523 prime?
False
Is 1671 a composite number?
True
Is 2179 a composite number?
False
Is 10649 a composite number?
True
Is 1669439 composite?
True
Is 1213 a composite number?
False
Is 4927 a composite number?
True
Is 128047 composite?
False
Is 4709 composite?
True
Is 13513 a prime number?
True
Is 405071 a composite number?
False
Is 2719 composite?
False
Is 806629 prime?
False
Is 107417 prime?
False
Is 275953 prime?
False
Is 571219 composite?
True
Is 43427 composite?
False
Is 461711 composite?
True
Is 52945 prime?
False
Is 1042 composite?
True
Is 120355 a prime number?
False
Is 276517 a composite number?
False
Is 1399513 a